{"id":1925,"date":"2022-12-12T14:21:11","date_gmt":"2022-12-12T14:21:11","guid":{"rendered":"https:\/\/admiring-newton.51-91-16-156.plesk.page\/?page_id=1925"},"modified":"2023-01-03T09:00:59","modified_gmt":"2023-01-03T09:00:59","slug":"mentions-legales","status":"publish","type":"page","link":"https:\/\/etbprestige.com\/index.php\/mentions-legales\/","title":{"rendered":"Mentions l\u00e9gales"},"content":{"rendered":"<section class=\"wpb-content-wrapper\"><p>[vc_row][vc_column][vc_column_text]<\/p>\n\n<ul>\n<li><strong>EDITEUR DU SITE<\/strong>\n<p>Raison sociale : Assistech<br \/>Adresse Postale : 4, Rue de l&rsquo;\u00e9glise \u2013 78300 Poissy<br \/>T\u00e9l\u00e9phone : +33 (0)1 39 22 39 81<br \/>Adresse web :\u00a0<a href=\"http:\/\/www.assistech.fr\/\">http:\/\/www.assistech.fr<\/a><br \/>Adresse \u00e9lectronique (E-Mail) : contact[at]assistech.fr<br \/>Capital Social : SARL au capital de 5000 \u20ac<br \/>RCS : RCS Versailles sous le n\u00b0 478 616\u00a0204 depuis le 17\/09\/2004<br \/>Code APE : 6202A<\/p>\n<p><strong>HEBERGEUR DU SITE<\/strong><\/p>\n<p>H\u00e9bergeur : OVH<br \/>Soci\u00e9t\u00e9 : OVH<br \/>Adresse web : www.ovh.com<br \/>Adresse Postale : 2, Rue Kellermann BP 80157 \u2013 59053 Roubaix Cedex 1<br \/>T\u00e9l\u00e9phone : +33 (0)8 203 203 63<br \/>Adresse \u00e9lectronique (E-Mail) :\u00a0<span id=\"cloak55c9f79b9d76cf3137fd6a01f93db6aa\"><a href=\"mailto:support@ovh.com\">support@ovh.com<\/a><\/span><br \/><em>formulaire de communication \u00e0 suivre sur le site de \u00ab\u00a0OVH\u00a0\u00bb<\/em><\/p>\n<p><strong>CONCEPTEUR DU SITE<\/strong><\/p>\n<\/li>\n<li>\n<p>Design &amp; ergonomie : Palisson Matthieu<br \/><strong><br \/><\/strong><\/p>\n<p><strong>DONNEES PERSONNELLES<\/strong><br \/>Les fonctionnalit\u00e9s du d\u00e9livr\u00e9 n\u00e9cessite la mise en \u0153uvre des traitements de donn\u00e9es \u00e0 caract\u00e8re personnel concernant les utilisateurs de ces services, dont les finalit\u00e9s sont pr\u00e9cis\u00e9es ci-dessous. Conform\u00e9ment \u00e0 la loi n\u00b0 78-17 relative \u00e0 l\u2019informatique, aux fichiers et aux libert\u00e9s, l\u2019utilisateur de ce service peut exercer son droit d\u2019acc\u00e8s, de rectification et de suppression en s\u2019adressant \u00e0 Assistech par courrier \u00e0 l\u2019adresse suivante\u00a0: 22 rue Gustave Eiffel 78300 Poissy.<\/p>\n<p>DONNEES PERSONNELLES COLLECTEES VIA L\u2019APPLICATION MOBILE<\/p>\n<p>Sous r\u00e9serve du consentement de l\u2019utilisateur de l\u2019application mobile, celle-ci permet\u00a0:<\/p>\n<ul type=\"disc\">\n<li>Gr\u00e2ce \u00e0 un syst\u00e8me de g\u00e9olocalisation, d\u2019identifier la position g\u00e9ographique de l\u2019utilisateur et de lui proposer, quelle que soit la date ou l\u2019heure, les parkings et\/ou lieux de vie les plus proches de cette position. Ce syst\u00e8me de g\u00e9olocalisation est d\u00e9livr\u00e9 via les syst\u00e8mes GPS &amp; r\u00e9seau de votre mobile. L\u2019Utilisateur de ce service est inform\u00e9 que l\u2019acceptation de sa g\u00e9olocalisation par cette application permet la g\u00e9olocalisation du terminal dans lequel elle a \u00e9t\u00e9 install\u00e9e sans aucune collecte d\u2019information personnelle. L\u2019utilisateur est inform\u00e9 que les donn\u00e9es qui font l\u2019objet de ce traitement ne font l\u2019objet d\u2019aucune communication \u00e0 des tiers.<\/li>\n<li>D\u2019appeler directement les num\u00e9ros de t\u00e9l\u00e9phone sans aucune collecte d\u2019information personnelle. L\u2019utilisateur est inform\u00e9 que les donn\u00e9es qui font l\u2019objet de ce traitement ne font l\u2019objet d\u2019aucune communication \u00e0 des tiers.<\/li>\n<li>De lire le contenu de la m\u00e9moire, pour faciliter la navigation en lisant le cache le l\u2019application sur le terminal mobile (ou smartphone) de l\u2019utilisateur sans aucune collecte d\u2019information personnelle. L\u2019utilisateur est inform\u00e9 que les donn\u00e9es qui font l\u2019objet de ce traitement ne font l\u2019objet d\u2019aucune communication \u00e0 des tiers.<\/li>\n<li>Ajouter \u00e0 son agenda directement des \u00e9v\u00e9nements, sans aucune collecte d\u2019information personnelle. L\u2019utilisateur est inform\u00e9 que les donn\u00e9es qui font l\u2019objet de ce traitement ne font l\u2019objet d\u2019aucune communication \u00e0 des tiers.<\/li>\n<li>Cr\u00e9er un compte sans obligation d\u2019information autre qu\u2019un E-mail et un mot de passe. L\u2019utilisateur est inform\u00e9 que les possibles donn\u00e9es personnelles qui font l\u2019objet de ce traitement ne font l\u2019objet d\u2019aucune communication \u00e0 des tiers.<\/li>\n<li>L\u2019utilisateur est inform\u00e9 que les donn\u00e9es statistiques collect\u00e9es le sont de mani\u00e8re anonymes et ne font l\u2019objet d\u2019aucune communication \u00e0 des tiers.<\/li>\n<\/ul>\n<p><strong>CONDITIONS GENERALES D\u2019UTILISATION<\/strong><\/p>\n<p>MISE EN \u0152UVRE ET ACCESSIBILITE DU SERVICE<\/p>\n<p>L\u2019acc\u00e8s au service n\u00e9cessite que l\u00a0\u2018utilisateur d\u00e9tienne un terminal mobile (ou smartphone) permettant l\u2019acc\u00e8s au contenu sur internet en passant par le r\u00e9seau d\u2019un op\u00e9rateur t\u00e9l\u00e9phonique.<br \/>Le service est destin\u00e9 \u00e0 \u00eatre accessible 7j\/7 et 24h\/24 pour l\u2019ensemble des utilisateurs. Toutefois, Assistech ne saurait \u00eatre tenu responsable en cas d\u2019indisponibilit\u00e9 du service.<br \/>Assistech se r\u00e9serve le\u00a0 droit, sans pr\u00e9avis ni indemnit\u00e9, de fermer temporairement l\u2019acc\u00e8s au service notamment pour effectuer une mise \u00e0 jour, des modifications ou changements sur les m\u00e9thodes op\u00e9rationnelles et les serveurs.<br \/>Assistech se r\u00e9serve le droit d\u2019apporter au service toutes modifications et\/ou am\u00e9lioration qu\u2019elle jugera n\u00e9cessaires ou utiles dans le cadre du bon fonctionnement du service.<\/p>\n<p>RESPONSABILITE<\/p>\n<p>Le service n\u2019est propos\u00e9 \u00e0 ses utilisateurs qu\u2019\u00e0 titre informatif n\u2019est tenu qu\u2019\u00e0 une obligation de moyens au titre de la fourniture de ce service et ne garantit ni l\u2019exhaustivit\u00e9 des informations d\u00e9livr\u00e9es, ni leur exactitude. Il revient \u00e0 l\u2019utilisateur de proc\u00e9der \u00e0 des v\u00e9rifications compl\u00e9mentaires le cas \u00e9ch\u00e9ant. Assistech ne pourra \u00eatre tenue responsable des pr\u00e9judices directs ou indirects qui pourraient r\u00e9sulter de l\u2019utilisation du service d\u00e9livr\u00e9.<br \/>En particulier, Assistech ne pourra \u00eatre tenue responsable des \u00e9ventuels pr\u00e9judices n\u00e9s de l\u2019absence ou du retard de mise \u00e0 jour des donn\u00e9es d\u00e9livr\u00e9es dans le cadre du service.<\/p>\n<p>RESPONSABILITE SPECIFIQUE DE L\u2019UTILISATEUR<\/p>\n<p>L\u2019utilisateur du service s\u2019engage \u00e0 n\u2019utiliser le service que pour des raisons personnelles et dans un but conforme \u00e0 l\u2019ordre public, aux bonnes m\u0153urs, aux droits des tiers et \u00e0 la l\u00e9gislation en vigueur.<br \/>L\u2019utilisateur du service s\u2019engage \u00e0 ne commettre aucun acte pouvant mettre en cause la s\u00e9curit\u00e9 informatique de ce service et \u00e0 ne pas interf\u00e9rer ou interrompre le fonctionnement normal du service.<br \/>Il s\u2019engage \u00e0 ne pas mettre en cause la s\u00e9curit\u00e9 et la confidentialit\u00e9 des donn\u00e9es trait\u00e9es dans le cadre de ce service.<\/p>\n<p>PROPRIETE INTELLECTUELLE \u2013 LICENCE<\/p>\n<p>Les marques, les dessins, les mod\u00e8les, les images, les textes, les photos, les logos, les chartes graphiques, les logiciels, les moteurs de recherche, les bases de donn\u00e9es issus du service, sans que cette liste soit exhaustive, sont la propri\u00e9t\u00e9 exclusive de Assistech, sans pr\u00e9judice des droits d\u00e9tenus notamment par les clients r\u00e9f\u00e9renc\u00e9es.<br \/>Toute reproduction et\/ou repr\u00e9sentation, totale ou partielle d\u2019un de ces droits, sans l\u2019autorisation expresse de Assistech, est interdite et constituerait une contrefa\u00e7on sanctionn\u00e9e par les articles L. 335-2 et suivants du Code de la Propri\u00e9t\u00e9 Intellectuelle<br \/>Conform\u00e9ment aux articles L. 342-1 et suivants du code la propri\u00e9t\u00e9 intellectuelle, l\u2019utilisateur\u00a0:<\/p>\n<ul type=\"disc\">\n<li>Ne peut proc\u00e9der \u00e0 l\u2019extraction, par transfert permanent ou temporaire de la totalit\u00e9 ou d\u2019une partie qualitativement ou quantitativement substantielle du contenu de la base de donn\u00e9es issue du service sur un autre support, par tout moyen et sous toute forme que ce soit\u00a0;<\/li>\n<li>Ne peut proc\u00e9der \u00e0 la r\u00e9utilisation, par la mise \u00e0 disposition du public de la totalit\u00e9 ou d\u2019une partie qualitativement ou quantitativement substantielle du contenu de la base de donn\u00e9es, quelle qu\u2019en soit la forme.<\/li>\n<\/ul>\n<\/li>\n<\/ul>\n\n\n<p>&nbsp;<\/p>\n<p>[\/vc_column_text][\/vc_column][\/vc_row][vc_row][vc_column]\r\n\r\n<div class=\"wd_empty_space\" data-heightmobile=\"20\" data-heighttablet=\"30\" data-heightdesktop=\"40\">\r\n\r\n<\/div>\r\n      \r\n\r\n\r\n\r\n        \r\n      \r\n    [\/vc_column][\/vc_row]<\/p>\n<\/section>","protected":false},"excerpt":{"rendered":"<p>[vc_row][vc_column][vc_column_text] EDITEUR DU SITE Raison sociale : AssistechAdresse Postale : 4, Rue de l&rsquo;\u00e9glise \u2013 78300 PoissyT\u00e9l\u00e9phone : +33 (0)1 39 22 39 81Adresse web :\u00a0http:\/\/www.assistech.frAdresse \u00e9lectronique (E-Mail) : contact[at]assistech.frCapital Social : SARL au capital de 5000 \u20acRCS : RCS Versailles sous le n\u00b0 478 616\u00a0204 depuis le 17\/09\/2004Code APE : 6202A HEBERGEUR DU SITE [&hellip;]<\/p>\n","protected":false},"author":1,"featured_media":0,"parent":0,"menu_order":0,"comment_status":"closed","ping_status":"closed","template":"","meta":{"footnotes":""},"class_list":["post-1925","page","type-page","status-publish","hentry"],"yoast_head":"<!-- This site is optimized with the Yoast SEO plugin v26.7 - https:\/\/yoast.com\/wordpress\/plugins\/seo\/ -->\n<title>Mentions l\u00e9gales - ETB<\/title>\n<meta name=\"robots\" content=\"index, follow, max-snippet:-1, max-image-preview:large, max-video-preview:-1\" \/>\n<link rel=\"canonical\" href=\"https:\/\/etbprestige.com\/index.php\/mentions-legales\/\" \/>\n<meta property=\"og:locale\" content=\"fr_FR\" \/>\n<meta property=\"og:type\" content=\"article\" \/>\n<meta property=\"og:title\" content=\"Mentions l\u00e9gales - ETB\" \/>\n<meta property=\"og:description\" content=\"[vc_row][vc_column][vc_column_text] EDITEUR DU SITE Raison sociale : AssistechAdresse Postale : 4, Rue de l&rsquo;\u00e9glise \u2013 78300 PoissyT\u00e9l\u00e9phone : +33 (0)1 39 22 39 81Adresse web :\u00a0http:\/\/www.assistech.frAdresse \u00e9lectronique (E-Mail) : contact[at]assistech.frCapital Social : SARL au capital de 5000 \u20acRCS : RCS Versailles sous le n\u00b0 478 616\u00a0204 depuis le 17\/09\/2004Code APE : 6202A HEBERGEUR DU SITE [&hellip;]\" \/>\n<meta property=\"og:url\" content=\"https:\/\/etbprestige.com\/index.php\/mentions-legales\/\" \/>\n<meta property=\"og:site_name\" content=\"ETB\" \/>\n<meta property=\"article:modified_time\" content=\"2023-01-03T09:00:59+00:00\" \/>\n<meta name=\"twitter:card\" content=\"summary_large_image\" \/>\n<meta name=\"twitter:label1\" content=\"Dur\u00e9e de lecture estim\u00e9e\" \/>\n\t<meta name=\"twitter:data1\" content=\"5 minutes\" \/>\n<script type=\"application\/ld+json\" class=\"yoast-schema-graph\">{\"@context\":\"https:\/\/schema.org\",\"@graph\":[{\"@type\":\"WebPage\",\"@id\":\"https:\/\/etbprestige.com\/index.php\/mentions-legales\/\",\"url\":\"https:\/\/etbprestige.com\/index.php\/mentions-legales\/\",\"name\":\"Mentions l\u00e9gales - ETB\",\"isPartOf\":{\"@id\":\"https:\/\/etbprestige.com\/#website\"},\"datePublished\":\"2022-12-12T14:21:11+00:00\",\"dateModified\":\"2023-01-03T09:00:59+00:00\",\"breadcrumb\":{\"@id\":\"https:\/\/etbprestige.com\/index.php\/mentions-legales\/#breadcrumb\"},\"inLanguage\":\"fr-FR\",\"potentialAction\":[{\"@type\":\"ReadAction\",\"target\":[\"https:\/\/etbprestige.com\/index.php\/mentions-legales\/\"]}]},{\"@type\":\"BreadcrumbList\",\"@id\":\"https:\/\/etbprestige.com\/index.php\/mentions-legales\/#breadcrumb\",\"itemListElement\":[{\"@type\":\"ListItem\",\"position\":1,\"name\":\"Accueil\",\"item\":\"https:\/\/etbprestige.com\/\"},{\"@type\":\"ListItem\",\"position\":2,\"name\":\"Mentions l\u00e9gales\"}]},{\"@type\":\"WebSite\",\"@id\":\"https:\/\/etbprestige.com\/#website\",\"url\":\"https:\/\/etbprestige.com\/\",\"name\":\"Etbprestige\",\"description\":\"\",\"publisher\":{\"@id\":\"https:\/\/etbprestige.com\/#organization\"},\"potentialAction\":[{\"@type\":\"SearchAction\",\"target\":{\"@type\":\"EntryPoint\",\"urlTemplate\":\"https:\/\/etbprestige.com\/?s={search_term_string}\"},\"query-input\":{\"@type\":\"PropertyValueSpecification\",\"valueRequired\":true,\"valueName\":\"search_term_string\"}}],\"inLanguage\":\"fr-FR\"},{\"@type\":\"Organization\",\"@id\":\"https:\/\/etbprestige.com\/#organization\",\"name\":\"Etbprestige\",\"url\":\"https:\/\/etbprestige.com\/\",\"logo\":{\"@type\":\"ImageObject\",\"inLanguage\":\"fr-FR\",\"@id\":\"https:\/\/etbprestige.com\/#\/schema\/logo\/image\/\",\"url\":\"https:\/\/etbprestige.com\/wp-content\/uploads\/2022\/12\/ETBlogo-1.png\",\"contentUrl\":\"https:\/\/etbprestige.com\/wp-content\/uploads\/2022\/12\/ETBlogo-1.png\",\"width\":400,\"height\":150,\"caption\":\"Etbprestige\"},\"image\":{\"@id\":\"https:\/\/etbprestige.com\/#\/schema\/logo\/image\/\"}}]}<\/script>\n<!-- \/ Yoast SEO plugin. -->","yoast_head_json":{"title":"Mentions l\u00e9gales - ETB","robots":{"index":"index","follow":"follow","max-snippet":"max-snippet:-1","max-image-preview":"max-image-preview:large","max-video-preview":"max-video-preview:-1"},"canonical":"https:\/\/etbprestige.com\/index.php\/mentions-legales\/","og_locale":"fr_FR","og_type":"article","og_title":"Mentions l\u00e9gales - ETB","og_description":"[vc_row][vc_column][vc_column_text] EDITEUR DU SITE Raison sociale : AssistechAdresse Postale : 4, Rue de l&rsquo;\u00e9glise \u2013 78300 PoissyT\u00e9l\u00e9phone : +33 (0)1 39 22 39 81Adresse web :\u00a0http:\/\/www.assistech.frAdresse \u00e9lectronique (E-Mail) : contact[at]assistech.frCapital Social : SARL au capital de 5000 \u20acRCS : RCS Versailles sous le n\u00b0 478 616\u00a0204 depuis le 17\/09\/2004Code APE : 6202A HEBERGEUR DU SITE [&hellip;]","og_url":"https:\/\/etbprestige.com\/index.php\/mentions-legales\/","og_site_name":"ETB","article_modified_time":"2023-01-03T09:00:59+00:00","twitter_card":"summary_large_image","twitter_misc":{"Dur\u00e9e de lecture estim\u00e9e":"5 minutes"},"schema":{"@context":"https:\/\/schema.org","@graph":[{"@type":"WebPage","@id":"https:\/\/etbprestige.com\/index.php\/mentions-legales\/","url":"https:\/\/etbprestige.com\/index.php\/mentions-legales\/","name":"Mentions l\u00e9gales - ETB","isPartOf":{"@id":"https:\/\/etbprestige.com\/#website"},"datePublished":"2022-12-12T14:21:11+00:00","dateModified":"2023-01-03T09:00:59+00:00","breadcrumb":{"@id":"https:\/\/etbprestige.com\/index.php\/mentions-legales\/#breadcrumb"},"inLanguage":"fr-FR","potentialAction":[{"@type":"ReadAction","target":["https:\/\/etbprestige.com\/index.php\/mentions-legales\/"]}]},{"@type":"BreadcrumbList","@id":"https:\/\/etbprestige.com\/index.php\/mentions-legales\/#breadcrumb","itemListElement":[{"@type":"ListItem","position":1,"name":"Accueil","item":"https:\/\/etbprestige.com\/"},{"@type":"ListItem","position":2,"name":"Mentions l\u00e9gales"}]},{"@type":"WebSite","@id":"https:\/\/etbprestige.com\/#website","url":"https:\/\/etbprestige.com\/","name":"Etbprestige","description":"","publisher":{"@id":"https:\/\/etbprestige.com\/#organization"},"potentialAction":[{"@type":"SearchAction","target":{"@type":"EntryPoint","urlTemplate":"https:\/\/etbprestige.com\/?s={search_term_string}"},"query-input":{"@type":"PropertyValueSpecification","valueRequired":true,"valueName":"search_term_string"}}],"inLanguage":"fr-FR"},{"@type":"Organization","@id":"https:\/\/etbprestige.com\/#organization","name":"Etbprestige","url":"https:\/\/etbprestige.com\/","logo":{"@type":"ImageObject","inLanguage":"fr-FR","@id":"https:\/\/etbprestige.com\/#\/schema\/logo\/image\/","url":"https:\/\/etbprestige.com\/wp-content\/uploads\/2022\/12\/ETBlogo-1.png","contentUrl":"https:\/\/etbprestige.com\/wp-content\/uploads\/2022\/12\/ETBlogo-1.png","width":400,"height":150,"caption":"Etbprestige"},"image":{"@id":"https:\/\/etbprestige.com\/#\/schema\/logo\/image\/"}}]}},"_links":{"self":[{"href":"https:\/\/etbprestige.com\/index.php\/wp-json\/wp\/v2\/pages\/1925","targetHints":{"allow":["GET"]}}],"collection":[{"href":"https:\/\/etbprestige.com\/index.php\/wp-json\/wp\/v2\/pages"}],"about":[{"href":"https:\/\/etbprestige.com\/index.php\/wp-json\/wp\/v2\/types\/page"}],"author":[{"embeddable":true,"href":"https:\/\/etbprestige.com\/index.php\/wp-json\/wp\/v2\/users\/1"}],"replies":[{"embeddable":true,"href":"https:\/\/etbprestige.com\/index.php\/wp-json\/wp\/v2\/comments?post=1925"}],"version-history":[{"count":3,"href":"https:\/\/etbprestige.com\/index.php\/wp-json\/wp\/v2\/pages\/1925\/revisions"}],"predecessor-version":[{"id":2087,"href":"https:\/\/etbprestige.com\/index.php\/wp-json\/wp\/v2\/pages\/1925\/revisions\/2087"}],"wp:attachment":[{"href":"https:\/\/etbprestige.com\/index.php\/wp-json\/wp\/v2\/media?parent=1925"}],"curies":[{"name":"wp","href":"https:\/\/api.w.org\/{rel}","templated":true}]}}